{"id":2,"date":"2024-12-04T08:24:30","date_gmt":"2024-12-04T08:24:30","guid":{"rendered":"http:\/\/instalatorwp671.dkonto.pl\/?page_id=2"},"modified":"2025-03-02T14:49:06","modified_gmt":"2025-03-02T14:49:06","slug":"sample-page","status":"publish","type":"page","link":"https:\/\/sklepregionalny.dkonto.pl\/","title":{"rendered":"Witaj na naszym bazarku!"},"content":{"rendered":"<p>Kupuj regionalnie!<\/p><blockquote class=\"wp-block-quote is-layout-flow wp-block-quote-is-layout-flow\"><p>Co\u015b tam co\u015b tam co\u015b tam&#8230;<\/p><\/blockquote><p>Co\u015b tam co\u015b tam co\u015b tam&#8230;<\/p><blockquote class=\"wp-block-quote is-layout-flow wp-block-quote-is-layout-flow\"><p>Co\u015b tam co\u015b tam co\u015b tam&#8230;<\/p><\/blockquote><figure class=\"wp-block-image size-full\"><img fetchpriority=\"high\" decoding=\"async\" width=\"1024\" height=\"768\" src=\"https:\/\/sklepregionalny.dkonto.pl\/wp-content\/uploads\/2025\/03\/bazarek-z-zywnoscia-naturalna.png\" alt=\"\" class=\"wp-image-71\" srcset=\"https:\/\/sklepregionalny.dkonto.pl\/wp-content\/uploads\/2025\/03\/bazarek-z-zywnoscia-naturalna.png 1024w, https:\/\/sklepregionalny.dkonto.pl\/wp-content\/uploads\/2025\/03\/bazarek-z-zywnoscia-naturalna-300x225.png 300w, https:\/\/sklepregionalny.dkonto.pl\/wp-content\/uploads\/2025\/03\/bazarek-z-zywnoscia-naturalna-768x576.png 768w\" sizes=\"(max-width: 1024px) 100vw, 1024px\" \/><\/figure><p><\/p>","protected":false},"excerpt":{"rendered":"<p>Kupuj regionalnie! Co\u015b tam co\u015b tam co\u015b tam&#8230; Co\u015b tam co\u015b tam co\u015b tam&#8230; Co\u015b tam co\u015b tam co\u015b tam&#8230;<\/p>\n","protected":false},"author":1,"featured_media":0,"parent":0,"menu_order":0,"comment_status":"closed","ping_status":"open","template":"","meta":{"footnotes":""},"class_list":["post-2","page","type-page","status-publish","hentry"],"jetpack_sharing_enabled":true,"_links":{"self":[{"href":"https:\/\/sklepregionalny.dkonto.pl\/index.php\/wp-json\/wp\/v2\/pages\/2","targetHints":{"allow":["GET"]}}],"collection":[{"href":"https:\/\/sklepregionalny.dkonto.pl\/index.php\/wp-json\/wp\/v2\/pages"}],"about":[{"href":"https:\/\/sklepregionalny.dkonto.pl\/index.php\/wp-json\/wp\/v2\/types\/page"}],"author":[{"embeddable":true,"href":"https:\/\/sklepregionalny.dkonto.pl\/index.php\/wp-json\/wp\/v2\/users\/1"}],"replies":[{"embeddable":true,"href":"https:\/\/sklepregionalny.dkonto.pl\/index.php\/wp-json\/wp\/v2\/comments?post=2"}],"version-history":[{"count":1,"href":"https:\/\/sklepregionalny.dkonto.pl\/index.php\/wp-json\/wp\/v2\/pages\/2\/revisions"}],"predecessor-version":[{"id":72,"href":"https:\/\/sklepregionalny.dkonto.pl\/index.php\/wp-json\/wp\/v2\/pages\/2\/revisions\/72"}],"wp:attachment":[{"href":"https:\/\/sklepregionalny.dkonto.pl\/index.php\/wp-json\/wp\/v2\/media?parent=2"}],"curies":[{"name":"wp","href":"https:\/\/api.w.org\/{rel}","templated":true}]}}